961 prime?
False
Is 399836819 a composite number?
False
Is 904791829 a prime number?
True
Is 12706615 a composite number?
True
Is 105986887 prime?
True
Is 1668263 composite?
True
Is 33351581 a prime number?
True
Is 2732963 a composite number?
False
Is 67266681 prime?
False
Is 10868317 a prime number?
True
Is 120549713 a prime number?
True
Is 12922201 prime?
True
Is 18722051 prime?
True
Is 1771573993 a composite number?
True
Is 20758091 a composite number?
False
Is 10047347 a composite number?
False
Is 39538739 a composite number?
False
Is 4998443 a prime number?
False
Is 45105793 prime?
False
Is 61306241 prime?
True
Is 501007777 composite?
False
Is 37438901 a prime number?
True
Is 15990961 a prime number?
False
Is 719813 prime?
True
Is 129371971 a prime number?
True
Is 8655623 prime?
True
Is 34733837 composite?
True
Is 961179035 a composite number?
True
Is 10211613 prime?
False
Is 916411 composite?
False
Is 1405919 composite?
False
Is 110971137 a composite number?
True
Is 52975661 a prime number?
True
Is 14375311 a prime number?
False
Is 17778067 prime?
True
Is 13133177 a composite number?
False
Is 1939199 prime?
False
Is 17712293 a prime number?
False
Is 22973141 composite?
False
Is 113440637 a composite number?
False
Is 88510609 a prime number?
False
Is 95482063 a prime number?
True
Is 43312877 a composite number?
True
Is 206293 a prime number?
False
Is 5004793 prime?
False
Is 6862547 a prime number?
True
Is 6812573 a prime number?
True
Is 8389603 a prime number?
True
Is 84170921 a composite number?
True
Is 5715235 a composite number?
True
Is 72411541 prime?
True
Is 5117605 composite?
True
Is 20421809 prime?
False
Is 1740931 a prime number?
True
Is 211076617 a prime number?
True
Is 34402831 prime?
True
Is 55796603 composite?
False
Is 303708809 composite?
True
Is 324013 a composite number?
True
Is 83982791 a composite number?
False
Is 17649343 composite?
False
Is 38764117 composite?
True
Is 2616533 a composite number?
False
Is 108602521 composite?
True
Is 17388517 prime?
False
Is 6541789 prime?
False
Is 2520241 prime?
True
Is 75015203 a composite number?
True
Is 1451179 a composite number?
False
Is 25844359 prime?
False
Is 162171211 a composite number?
True
Is 12269321 a composite number?
False
Is 230849 prime?
True
Is 653047 prime?
False
Is 658111 a composite number?
False
Is 20530397 composite?
False
Is 238596773 composite?
False
Is 1733267 composite?
False
Is 27911767 prime?
False
Is 41632457 a prime number?
True
Is 7388417 a prime number?
False
Is 798089 prime?
True
Is 12661301 prime?
True
Is 19174565 composite?
True
Is 436004353 composite?
True
Is 3020663 a prime number?
False
Is 1697867 prime?
True
Is 5190583 a composite number?
False
Is 38480539 composite?
True
Is 1694503 a prime number?
True
Is 27194869 prime?
False
Is 13955659 a prime number?
True
Is 15305 prime?
False
Is 2398379 prime?
True
Is 1073641 a prime number?
False
Is 209753833 composite?
False
Is 226211 composite?
True
Is 261670303 a composite number?
False
Is 17872717 composite?
False
Is 9739799 composite?
True
Is 55597493 composite?
True
Is 7856399 prime?
True
Is 761113 a prime number?
True
Is 1593617 a composite number?
True
Is 1709029 a composite number?
True
Is 13427147 a composite number?
True
Is 102628763 composite?
False
Is 4084739 composite?
False
Is 3425977 a prime number?
True
Is 1806941 a composite number?
False
Is 15173941 a composite number?
False
Is 34428761 a composite number?
False
Is 71531269 a prime number?
True
Is 57369965 prime?
False
Is 132144737 composite?
True
Is 126210299 a prime number?
True
Is 8076553 prime?
True
Is 12563371 prime?
False
Is 11012129 composite?
False
Is 6006283 a prime number?
False
Is 1487711 composite?
False
Is 81605477 a composite number?
True
Is 8220439 composite?
True
Is 72149291 a prime number?
True
Is 57389749 composite?
False
Is 9549673 composite?
True
Is 810994097 prime?
False
Is 2227151 a composite number?
True
Is 162666071 a prime number?
False
Is 1822361 composite?
True
Is 1711189 a prime number?
True
Is 1382141 a prime number?
False
Is 4474142 a prime number?
False
Is 19404299 a composite number?
False
Is 22879037 prime?
True
Is 8935117 a composite number?
True
Is 19030493 composite?
False
Is 4397857 composite?
True
Is 1840609 a composite number?
True
Is 168918733 a composite number?
True
Is 335067401 composite?
False
Is 76073303 composite?
False
Is 6154313 composite?
True
Is 26483963 a prime number?
False
Is 6156407 prime?
True
Is 58161589 a composite number?
True
Is 10836307 composite?
False
Is 1091591 a prime number?
True
Is 43231871 prime?
False
Is 68369739 a prime number?
False
Is 10193579 prime?
False
Is 686503 a prime number?
True
Is 300134 a composite number?
True
Is 10508783 composite?
True
Is 11005151 prime?
True
Is 7310279 a composite number?
True
Is 44314757 composite?
False
Is 287057 prime?
True
Is 57065489 composite?
True
Is 7818159 prime?
False
Is 237059881 prime?
True
Is 17978253 composite?
True
Is 60778153 a prime number?
True
Is 15494891 composite?
False
Is 815851 prime?
True
Is 994078357 a prime number?
True
Is 97966171 a composite number?
False
Is 540131 composite?
True
Is 47630171 a composite number?
True
Is 861963 a prime number?
False
Is 13420943 prime?
True
Is 19113733 prime?
True
Is 154713001 prime?
True
Is 33187097 composite?
False
Is 2651611 composite?
False
Is 7511419 prime?
True
Is 306155383 a prime number?
False
Is 12723979 composite?
False
Is 1126639 a composite number?
True
Is 71361133 prime?
False
Is 4847053 a composite number?
False
Is 18280861 a prime number?
True
Is 52883111 prime?
True
Is 269667941 a composite number?
False
Is 247984739 a prime number?
True
Is 3151151 composite?
True
Is 6104387 a prime number?
False
Is 27331147 composite?
False
Is 2587399 composite?
False
Is 44430299 a composite number?
True
Is 2140021 a composite number?
True
Is 3422171 prime?
True
Is 716731 composite?
False
Is 2123999 composite?
False
Is 1507993 a composite number?
False
Is 11568917 a prime number?
True
Is 31284419 prime?
True
Is 41520143 a composite number?
True
Is 11877287 a composite number?
False
Is 33656801 composite?
False
Is 7217323 a prime number?
True
Is 3003364469 prime?
False
Is 931289 prime?
True
Is 657703 a composite number?
False
Is 137077 composite?
False
Is 63474947 composite?
False
Is 40666879 composite?
True
Is 116946779 prime?
False
Is 353760149 composite?
True
Is 316423 a composite number?
False
Is 30330901 a prime number?
True
Is 955307 prime?
True
Is 17772427 prime?
False
Is 13880263 a prime number?
False
Is 2446783 a prime number?
False
Is 23751011 a prime number?
True
Is 33390463 a composite number?
True
Is 122193857 prime?
False
Is 94846837 prime?
True
Is 7970327 composite?
False
Is 134792641 prime?
False
Is 271553 prime?
True
Is 758729 composite?
False
Is 31803153 a prime number?
False
Is 362369 prime?
False
Is 92724865 composite?
True
Is 31842238 prime?
False
Is 160446853 prime?
False
Is 21785333 a composite number?
False
Is 1119497 prime?
False
Is 7065061 prime?
False
Is 24102119 prime?
True
Is 2103359 composite?
True
Is 6416369 a composite number?
False
Is 70605107 composite?
False
Is 11102153 a composite number?
False
Is 18767761 a composite number?
True
Is 972161 a prime number?
True
Is 745323 prime?
False
Is 33567393 a composite number?
True
Is 7040321 a prime number?
True
Is 74021027 composite?
False
Is 8102393 prime?
False
Is 1787069 a prime number?
False
Is 63949 a prime number?
True
Is 3823306 a composite number?
True
Is 2929921 a prime number?
True
Is 4035761 prime?
True
Is 240894461 composite?
True
Is 166940857 a composite number?
False
Is 583328077 composite?
False
Is 270300757 prime?
False
Is 9034471 a prime number?
True
Is 4110835 prime?
False
Is 2833202 a prime number?
False
Is 8420749 a composite number?
False
Is 7840029 prime?
False
Is 2288711 a composite number?
False
Is 24196723 a composite number?
False
Is 132084283 composite?
True
Is 40323763 a prime number?
True
Is 1038689 a prime number?
True
Is 48961634 composite?
True
Is 225427 a composite number?
False
Is 1530779 a prime number?
True
Is 4348997 composite?
False
Is 5171693 a composite number?
False
Is 19414999 a composite number?
False
Is 756569221 a prime number?
False
Is 8302871 prime?
Tru